 divided by 40?
31
What is the remainder when 549 is divided by 6?
3
What is the remainder when 3407 is divided by 110?
107
What is the remainder when 9 is divided by 9?
0
What is the remainder when 279 is divided by 40?
39
What is the remainder when 314 is divided by 45?
44
Calculate the remainder when 1137 is divided by 229.
221
What is the remainder when 108 is divided by 8?
4
Calculate the remainder when 34 is divided by 6.
4
Calculate the remainder when 399 is divided by 42.
21
What is the remainder when 358 is divided by 28?
22
Calculate the remainder when 1820 is divided by 304.
300
What is the remainder when 195 is divided by 44?
19
Calculate the remainder when 162 is divided by 15.
12
Calculate the remainder when 139 is divided by 51.
37
What is the remainder when 1271 is divided by 67?
65
Calculate the remainder when 221 is divided by 78.
65
What is the remainder when 546 is divided by 9?
6
What is the remainder when 386 is divided by 31?
14
What is the remainder when 585 is divided by 42?
39
Calculate the remainder when 373 is divided by 104.
61
What is the remainder when 113 is divided by 57?
56
Calculate the remainder when 715 is divided by 236.
7
Calculate the remainder when 297 is divided by 30.
27
What is the remainder when 742 is divided by 13?
1
Calculate the remainder when 166 is divided by 46.
28
What is the remainder when 1534 is divided by 12?
10
Calculate the remainder when 966 is divided by 86.
20
Calculate the remainder when 27 is divided by 16.
11
What is the remainder when 265 is divided by 94?
77
Calculate the remainder when 129 is divided by 29.
13
Calculate the remainder when 1357 is divided by 97.
96
What is the remainder when 73 is divided by 15?
13
What is the remainder when 20 is divided by 11?
9
Calculate the remainder when 17 is divided by 7.
3
What is the remainder when 275 is divided by 46?
45
Calculate the remainder when 702 is divided by 44.
42
What is the remainder when 1115 is divided by 58?
13
Calculate the remainder when 85 is divided by 56.
29
Calculate the remainder when 17 is divided by 8.
1
Calculate the remainder when 574 is divided by 153.
115
Calculate the remainder when 321 is divided by 54.
51
Calculate the remainder when 20 is divided by 14.
6
What is the remainder when 1690 is divided by 120?
10
Calculate the remainder when 440 is divided by 261.
179
Calculate the remainder when 1717 is divided by 40.
37
What is the remainder when 140 is divided by 31?
16
What is the remainder when 634 is divided by 316?
2
What is the remainder when 792 is divided by 76?
32
Calculate the remainder when 348 is divided by 44.
40
What is the remainder when 423 is divided by 72?
63
Calculate the remainder when 132 is divided by 75.
57
What is the remainder when 197 is divided by 35?
22
What is the remainder when 1316 is divided by 22?
18
Calculate the remainder when 1100 is divided by 8.
4
Calculate the remainder when 3185 is divided by 22.
17
Calculate the remainder when 3854 is divided by 18.
2
Calculate the remainder when 282 is divided by 42.
30
Calculate the remainder when 248 is divided by 8.
0
Calculate the remainder when 3851 is divided by 129.
110
What is the remainder when 169 is divided by 90?
79
What is the remainder when 79 is divided by 10?
9
What is the remainder when 459 is divided by 6?
3
Calculate the remainder when 1691 is divided by 209.
19
What is the remainder when 150 is divided by 10?
0
Calculate the remainder when 20158 is divided by 19.
18
What is the remainder when 836 is divided by 14?
10
What is the remainder when 69 is divided by 33?
3
What is the remainder when 42 is divided by 13?
3
What is the remainder when 1082 is divided by 42?
32
What is the remainder when 306 is divided by 77?
75
Calculate the remainder when 389 is divided by 136.
117
Calculate the remainder when 6403 is divided by 3195.
13
What is the remainder when 780 is divided by 11?
10
Calculate the remainder when 4433 is divided by 261.
257
What is the remainder when 249 is divided by 237?
12
What is the remainder when 715 is divided by 41?
18
Calculate the remainder when 39 is divided by 2.
1
What is the remainder when 2202 is divided by 105?
102
What is the remainder when 491 is divided by 439?
52
Calculate the remainder when 167 is divided by 29.
22
What is the remainder when 306 is divided by 146?
14
Calculate the remainder when 18260 is divided by 13.
8
Calculate the remainder when 26484 is divided by 82.
80
Calculate the remainder when 778 is divided by 15.
13
Calculate the remainder when 360 is divided by 90.
0
What is the remainder when 69 is divided by 14?
13
Calculate the remainder when 457 is divided by 441.
16
Calculate the remainder when 25 is divided by 16.
9
Calculate the remainder when 2276 is divided by 455.
1
Calculate the remainder when 498 is divided by 96.
18
What is the remainder when 261 is divided by 174?
87
What is the remainder when 2047 is divided by 158?
151
What is the remainder when 650 is divided by 42?
20
Calculate the remainder when 133 is divided by 34.
31
Calculate the remainder when 734 is divided by 32.
30
What is the remainder when 314 is divided by 140?
34
Calculate the remainder when 183 is divided by 4.
3
What is the remainder when 6 is divided by 2?
0
What is the remainder when 40 is divided by 24?
16
What is the remainder when 548 is divided by 11?
9
Calculate the remainder when 8954 is divided by 9.
8
What is the remainder when 491 is divided by 253?
238
Calculate the remainder when 584 is divided by 5.
4
Calculate the remainder when 1410 is divided by 702.
6
What is the remainder when 1424 is divided by 6?
2
What is the remainder when 4061 is divided by 36?
29
Calculate the remainder when 300 is divided by 76.
72
Calculate the remainder when 373 is divided by 54.
49
What is the remainder when 259 is divided by 24?
19
Calculate the remainder when 806 is divided by 54.
50
Calculate the remainder when 617 is divided by 51.
5
Calculate the remainder when 249 is divided by 53.
37
What is the remainder when 2792 is divided by 13?
10
Calculate the remainder when 130 is divided by 14.
4
Calculate the remainder when 8171 is divided by 61.
58
What is the remainder when 10 is divided by 1?
0
What is the remainder when 161 is divided by 101?
60
Calculate the remainder when 93 is divided by 49.
44
What is the remainder when 518 is divided by 65?
63
What is the remainder when 258 is divided by 20?
18
Calculate the remainder when 121 is divided by 56.
9
What is the remainder when 46 is divided by 33?
13
Calculate the remainder when 137 is divided by 86.
51
Calculate the remainder when 441 is divided by 152.
137
Calculate the remainder when 291 is divided by 87.
30
Calculate the remainder when 2575 is divided by 184.
183
What is the remainder when 218 is divided by 72?
2
What is the remainder when 143 is divided by 44?
11
What is the remainder when 121 is divided by 42?
37
What is the remainder when 158 is divided by 128?
30
Calculate the remainder when 106 is divided by 26.
2
Calculate the remainder when 1305 is divided by 19.
13
Calculate the remainder when 4387 is divided by 77.
75
What is the remainder when 170 is divided by 69?
32
What is the remainder when 83 is divided by 37?
9
What is the remainder when 432 is divided by 234?
198
What is the remainder when 273 is divided by 133?
7
Calculate the remainder when 3352 is divided by 39.
37
Calculate the remainder when 134 is divided by 14.
8
What is the remainder when 5374 is divided by 25?
24
Calculate the remainder when 105 is divided by 10.
5
What is the remainder when 13 is divided by 5?
3
Calculate the remainder when 708 is divided by 21.
15
What is the remainder when 1020 is divided by 265?
225
Calculate the remainder when 6908 is divided by 49.
48
What is the remainder when 6553 is divided by 328?
321
Calculate the remainder when 4579 is divided by 10.
9
What is the remainder when 2049 is divided by 203?
19
Calculate the remainder when 6576 is divided by 11.
9
Calculate the remainder when 315 is divided by 10.
5
Calculate the remainder when 87 is divided by 19.
11
What is the remainder when 1482 is divided by 106?
104
Calculate the remainder when 586 is divided by 19.
16
What is the remainder when 662 is divided by 74?
70
